{"id":117,"date":"2025-10-05T07:09:58","date_gmt":"2025-10-05T07:09:58","guid":{"rendered":"https:\/\/dr-thomas-weyrauch.de\/apotheke\/?post_type=product&#038;p=117"},"modified":"2025-10-05T07:15:30","modified_gmt":"2025-10-05T07:15:30","slug":"libidion","status":"publish","type":"product","link":"https:\/\/dr-thomas-weyrauch.de\/apotheke\/product\/libidion\/","title":{"rendered":"Libidion"},"content":{"rendered":"\r\n<h2 class=\"wp-block-heading\"><strong>Libidion Bewertungen<\/strong><\/h2>\r\n<p><img loading=\"lazy\" decoding=\"async\" class=\"alignnone size-medium wp-image-118 aligncenter\" src=\"https:\/\/dr-thomas-weyrauch.de\/apotheke\/wp-content\/uploads\/2025\/10\/Libidion-Bewertungen-300x294.jpg\" alt=\"Libidion Bewertungen\" width=\"300\" height=\"294\" srcset=\"https:\/\/dr-thomas-weyrauch.de\/apotheke\/wp-content\/uploads\/2025\/10\/Libidion-Bewertungen-300x294.jpg 300w, https:\/\/dr-thomas-weyrauch.de\/apotheke\/wp-content\/uploads\/2025\/10\/Libidion-Bewertungen.jpg 322w\" sizes=\"auto, (max-width: 300px) 100vw, 300px\" \/><\/p>\r\n<p data-start=\"3505\" data-end=\"3855\">Viele M\u00e4nner sp\u00fcren mit der Zeit, dass sie weniger Energie haben und sich unwohl f\u00fchlen. Oft steckt dahinter ein Mangel an wichtigen N\u00e4hrstoffen. <strong data-start=\"3651\" data-end=\"3663\">Libidion<\/strong> bietet eine nat\u00fcrliche L\u00f6sung. Das Pr\u00e4parat wurde entwickelt, um die m\u00e4nnliche Energie, Ausdauer und das allgemeine Wohlbefinden zu st\u00e4rken \u2013 durch eine harmonische Mischung aus Naturstoffen.<\/p>\r\n<h2 class=\"wp-block-heading\"><strong>Libidion Vorteile<\/strong><\/h2>\r\n<ul data-start=\"3733\" data-end=\"4111\">\r\n<li data-start=\"3733\" data-end=\"3798\">\r\n<p data-start=\"3735\" data-end=\"3798\"><strong data-start=\"3735\" data-end=\"3747\">Libidion<\/strong> \u2013 nat\u00fcrliche Unterst\u00fctzung f\u00fcr K\u00f6rper und Geist.<\/p>\r\n<\/li>\r\n<li data-start=\"3799\" data-end=\"3851\">\r\n<p data-start=\"3801\" data-end=\"3851\">Mit <strong data-start=\"3805\" data-end=\"3848\">Ginseng, Maca, Zink, Vitamin B6 und B12<\/strong>.<\/p>\r\n<\/li>\r\n<li data-start=\"3852\" data-end=\"3900\">\r\n<p data-start=\"3854\" data-end=\"3900\">F\u00f6rdert Energie, Motivation und Immunsystem.<\/p>\r\n<\/li>\r\n<li data-start=\"3901\" data-end=\"3958\">\r\n<p data-start=\"3903\" data-end=\"3958\">Unterst\u00fctzt mentale Leistung und reduziert M\u00fcdigkeit.<\/p>\r\n<\/li>\r\n<li data-start=\"3959\" data-end=\"4013\">\r\n<p data-start=\"3961\" data-end=\"4013\">Kapseln sind einfach in den Alltag zu integrieren.<\/p>\r\n<\/li>\r\n<li data-start=\"4014\" data-end=\"4066\">\r\n<p data-start=\"4016\" data-end=\"4066\">In Deutschland mit h\u00f6chster Qualit\u00e4t produziert.<\/p>\r\n<\/li>\r\n<li data-start=\"4067\" data-end=\"4111\">\r\n<p data-start=\"4069\" data-end=\"4111\">Preisvorteil: <strong data-start=\"4083\" data-end=\"4108\">49,90 \u20ac statt 69,90 \u20ac<\/strong>.<\/p>\r\n<\/li>\r\n<li data-start=\"4067\" data-end=\"4111\"><a href=\"https:\/\/dr-thomas-weyrauch.de\/apotheke\/go\/Libidion\"><strong>\ud83d\udc49 RABATTE &#8211; 75 % + kostenloser Versand f\u00fcr Libidion\u2013 Begrenzte Zeit \u2013 JETZT KAUFEN! \ud83d\udc48<\/strong><\/a><\/li>\r\n<\/ul>\r\n\r\n<h2 class=\"wp-block-heading\"><strong>Was ist Libidion?<\/strong><\/h2>\r\n<p data-start=\"5628\" data-end=\"6177\">Mit <strong data-start=\"5632\" data-end=\"5644\">Libidion<\/strong> l\u00e4sst sich die nat\u00fcrliche Energie des K\u00f6rpers effektiv unterst\u00fctzen. Es kombiniert sorgf\u00e4ltig ausgew\u00e4hlte Kr\u00e4uter, Vitamine und Mineralstoffe, die gemeinsam f\u00fcr eine bessere Leistungsf\u00e4higkeit sorgen. Libidion hilft, den Stoffwechsel zu aktivieren und Stresssymptome zu verringern. Menschen, die sich oft m\u00fcde oder ausgelaugt f\u00fchlen, greifen gern zu diesem Produkt. Die Kapseln sind einfach in den Alltag zu integrieren und gut vertr\u00e4glich. Anwender berichten \u00fcber eine sp\u00fcrbare Verbesserung ihres Wohlbefindens und ihrer Energie.<\/p>\r\n<h2 class=\"wp-block-heading\"><strong>Wie wirken Libidion?<\/strong><\/h2>\r\n<p data-start=\"4324\" data-end=\"4719\"><strong data-start=\"4324\" data-end=\"4336\">Libidion<\/strong> nutzt nat\u00fcrliche Inhaltsstoffe, um Energie, Vitalit\u00e4t und Leistungsf\u00e4higkeit zu f\u00f6rdern. Die Hauptbestandteile sind <strong data-start=\"4453\" data-end=\"4461\">Maca<\/strong>, <strong data-start=\"4463\" data-end=\"4474\">Ginseng<\/strong> und <strong data-start=\"4479\" data-end=\"4492\">L-Arginin<\/strong>. L-Arginin verbessert die Durchblutung, was Energie und Ausdauer st\u00e4rkt. Ginseng hilft bei Konzentration und Stressbew\u00e4ltigung, w\u00e4hrend Maca die Hormone reguliert. Gemeinsam sorgen sie f\u00fcr mehr Balance und k\u00f6rperliche Kraft.<\/p>\r\n<ul>\r\n<li><a href=\"https:\/\/dr-thomas-weyrauch.de\/apotheke\/go\/Libidion\"><strong>\ud83d\udc49 RABATTE &#8211; 75 % + kostenloser Versand f\u00fcr Libidion\u2013 Begrenzte Zeit \u2013 JETZT KAUFEN! \ud83d\udc48<\/strong><\/a><\/li>\r\n<\/ul>\r\n<h2 class=\"wp-block-heading\"><strong>Libidion<\/strong> <strong>Inhaltsstoffe<\/strong><\/h2>\r\n<p data-start=\"5030\" data-end=\"5463\"><strong data-start=\"5030\" data-end=\"5042\">Libidion<\/strong> vereint drei kraftvolle nat\u00fcrliche Wirkstoffe, die sich gegenseitig erg\u00e4nzen.<br data-start=\"5120\" data-end=\"5123\" \/><strong data-start=\"5123\" data-end=\"5132\">Maca:<\/strong> Unterst\u00fctzt den Hormonhaushalt und st\u00e4rkt Ausdauer und Vitalit\u00e4t.<br data-start=\"5198\" data-end=\"5201\" \/><strong data-start=\"5201\" data-end=\"5213\">Ginseng:<\/strong> Verbessert die Durchblutung und f\u00f6rdert mentale Klarheit.<br data-start=\"5271\" data-end=\"5274\" \/><strong data-start=\"5274\" data-end=\"5288\">L-Arginin:<\/strong> Tr\u00e4gt zu einer besseren Sauerstoffversorgung bei und erh\u00f6ht die Energie.<br data-start=\"5361\" data-end=\"5364\" \/>Durch ihre Synergie sorgt diese Kombination f\u00fcr ganzheitliche Unterst\u00fctzung von K\u00f6rper und Geist.<\/p>\r\n<h2 class=\"wp-block-heading\"><strong>Libidion Anwendung und Dosierung<\/strong><\/h2>\r\n<p data-start=\"5030\" data-end=\"5463\"><\/p>\r\n<p data-start=\"5043\" data-end=\"5559\">Die Anwendung von <strong data-start=\"5061\" data-end=\"5073\">Libidion<\/strong> ist bewusst einfach gehalten. Zwei Kapseln t\u00e4glich mit ausreichend Wasser, am besten morgens oder vor dem Essen, reichen aus. F\u00fcr eine optimale Wirkung sollte das Produkt \u00fcber einen l\u00e4ngeren Zeitraum regelm\u00e4\u00dfig eingenommen werden. Die Kapseln sind sowohl f\u00fcr M\u00e4nner als auch f\u00fcr Frauen geeignet. Da Libidion nat\u00fcrlich wirkt, baut sich der Effekt allm\u00e4hlich auf. Die empfohlene Tagesdosis sollte nicht \u00fcberschritten werden, und bei gesundheitlichen Bedenken ist ein Arztbesuch ratsam.<\/p>\r\n<ul>\r\n<li><a href=\"https:\/\/dr-thomas-weyrauch.de\/apotheke\/go\/Libidion\"><strong>\ud83d\udc49 RABATTE &#8211; 75 % + kostenloser Versand f\u00fcr Libidion\u2013 Begrenzte Zeit \u2013 JETZT KAUFEN! \ud83d\udc48<\/strong><\/a><\/li>\r\n<\/ul>\r\n<p data-start=\"5043\" data-end=\"5559\"><\/p>\r\n<h2 class=\"wp-block-heading\"><strong>Libidion M\u00f6gliche Nebenwirkungen und Vorsichtsma\u00dfnahmen<\/strong><\/h2>\r\n<p data-start=\"5043\" data-end=\"5559\"><\/p>\r\n<p data-start=\"5841\" data-end=\"6439\"><strong data-start=\"5841\" data-end=\"5853\">Libidion<\/strong> wurde so formuliert, dass es von den meisten Menschen gut vertragen wird. Dennoch k\u00f6nnen in seltenen F\u00e4llen leichte Beschwerden wie Magenverstimmung, Kopfschmerzen oder Nervosit\u00e4t auftreten. Vor der Anwendung sollte \u00fcberpr\u00fcft werden, ob eine Unvertr\u00e4glichkeit gegen\u00fcber einem Inhaltsstoff besteht. Die empfohlene Dosis sollte eingehalten werden, da eine \u00dcberdosierung zu Herzrasen f\u00fchren kann. Personen mit Bluthochdruck, Herzproblemen oder hormonellen Ungleichgewichten sollten vor der Einnahme \u00e4rztlichen Rat einholen. Schwangeren und Jugendlichen wird von der Anwendung abgeraten.<\/p>\r\n<h2 class=\"wp-block-heading\"><strong>Libidion Erfahrungen<\/strong><\/h2>\r\n<p data-start=\"5841\" data-end=\"6439\"><\/p>\r\n<p data-start=\"4713\" data-end=\"5200\">Kundenmeinungen zu <strong data-start=\"4732\" data-end=\"4744\">Libidion<\/strong> fallen \u00fcberwiegend positiv aus. Viele M\u00e4nner f\u00fchlen sich nach regelm\u00e4\u00dfiger Einnahme vitaler und mental klarer. Auch Verbesserungen im Liebesleben werden oft erw\u00e4hnt. Besonders gelobt werden die nat\u00fcrlichen Inhaltsstoffe, die gute Vertr\u00e4glichkeit, die deutliche Wirkung auf Energie und Leistung sowie die einfache Einnahme. Einige Anwender nehmen Libidion \u00fcber mehrere Wochen hinweg, andere nutzen es als langfristige Unterst\u00fctzung f\u00fcr mehr Wohlbefinden.<\/p>\r\n<ul>\r\n<li><a href=\"https:\/\/dr-thomas-weyrauch.de\/apotheke\/go\/Libidion\"><strong>\ud83d\udc49 RABATTE &#8211; 75 % + kostenloser Versand f\u00fcr Libidion\u2013 Begrenzte Zeit \u2013 JETZT KAUFEN! \ud83d\udc48<\/strong><\/a><\/li>\r\n<\/ul>\r\n<p data-start=\"4713\" data-end=\"5200\"><\/p>\r\n<h2 class=\"wp-block-heading\"><strong>Libidion online kaufen \u2013 Lieferung nach Deutschland, \u00d6sterreich, Schweiz &amp; Belgien<\/strong><\/h2>\r\n<p data-start=\"4713\" data-end=\"5200\"><\/p>\r\n<p data-start=\"2213\" data-end=\"2425\"><strong data-start=\"2213\" data-end=\"2225\">Libidion<\/strong> kann nur \u00fcber die offizielle Online-Apotheke <strong data-start=\"2271\" data-end=\"2289\">B\u00e4ren-Apotheke<\/strong> bestellt werden. Wir sind der autorisierte Partner f\u00fcr die Lieferung in <strong data-start=\"2362\" data-end=\"2377\">Deutschland<\/strong>, <strong data-start=\"2379\" data-end=\"2393\">\u00d6sterreich<\/strong>, <strong data-start=\"2395\" data-end=\"2406\">Schweiz<\/strong> und <strong data-start=\"2411\" data-end=\"2422\">Belgien<\/strong>.<\/p>\r\n<h2 class=\"wp-block-heading\"><strong>Libidion Bewertungen<\/strong>: <strong>Fazit<\/strong><\/h2>\r\n<p data-start=\"2213\" data-end=\"2425\"><\/p>\r\n<p data-start=\"5309\" data-end=\"5815\"><strong data-start=\"5309\" data-end=\"5321\">Libidion<\/strong> ist ein pflanzliches Nahrungserg\u00e4nzungsmittel, das K\u00f6rper und Geist unterst\u00fctzt. Die Kombination aus <strong data-start=\"5423\" data-end=\"5438\">Maca-Wurzel<\/strong>, <strong data-start=\"5440\" data-end=\"5451\">Ginseng<\/strong> und <strong data-start=\"5456\" data-end=\"5469\">L-Arginin<\/strong> wirkt positiv auf Energie, Durchblutung und Vitalit\u00e4t. Nutzer loben die nachhaltige Wirkung und die gute Vertr\u00e4glichkeit. Wichtig ist, die empfohlene Dosierung einzuhalten, um optimale Ergebnisse zu erzielen. Dank seiner nat\u00fcrlichen Zusammensetzung und des fairen Preises bietet Libidion eine \u00fcberzeugende Alternative zu chemischen Pr\u00e4paraten.<\/p>\r\n<ul>\r\n<li><a href=\"https:\/\/dr-thomas-weyrauch.de\/apotheke\/go\/Libidion\"><strong>\ud83d\udc49 RABATTE &#8211; 75 % + kostenloser Versand f\u00fcr Libidion\u2013 Begrenzte Zeit \u2013 JETZT KAUFEN! \ud83d\udc48<\/strong><\/a><\/li>\r\n<\/ul>\r\n<p data-start=\"5309\" data-end=\"5815\"><\/p>\r\n<h2 class=\"wp-block-heading\"><strong>Libidion Bewertungen: H\u00e4ufig gestellte fragen<\/strong><\/h2>\r\n<p data-start=\"5309\" data-end=\"5815\"><\/p>\r\n<p data-start=\"4411\" data-end=\"4561\"><strong data-start=\"4411\" data-end=\"4445\">F\u00fcr wen ist Libidion geeignet?<\/strong><br data-start=\"4445\" data-end=\"4448\" \/>Libidion richtet sich an M\u00e4nner und Frauen, die ihr Energielevel und Wohlbefinden nat\u00fcrlich verbessern m\u00f6chten.<\/p>\r\n<p data-start=\"4563\" data-end=\"4653\"><strong data-start=\"4563\" data-end=\"4591\">Wie wird es eingenommen?<\/strong><br data-start=\"4591\" data-end=\"4594\" \/>Zwei Kapseln t\u00e4glich mit viel Wasser \u2013 am besten morgens.<\/p>\r\n<p data-start=\"4655\" data-end=\"4769\"><strong data-start=\"4655\" data-end=\"4675\">Was steckt drin?<\/strong><br data-start=\"4675\" data-end=\"4678\" \/>Maca, Ginseng und L-Arginin \u2013 eine nat\u00fcrliche Kombination f\u00fcr mehr Energie und Vitalit\u00e4t.<\/p>\r\n<p data-start=\"4771\" data-end=\"4861\"><strong data-start=\"4771\" data-end=\"4798\">Gibt es Nebenwirkungen?<\/strong><br data-start=\"4798\" data-end=\"4801\" \/>Sehr selten leichte Verdauungsprobleme oder Kopfschmerzen.<\/p>\r\n<p data-start=\"4863\" data-end=\"4962\"><strong data-start=\"4863\" data-end=\"4887\">Wann wirkt Libidion?<\/strong><br data-start=\"4887\" data-end=\"4890\" \/>Die Wirkung entwickelt sich langsam, erste Ergebnisse nach 2\u20133 Wochen.<\/p>\r\n<p data-start=\"4964\" data-end=\"5073\"><strong data-start=\"4964\" data-end=\"4991\">Was macht es besonders?<\/strong><br data-start=\"4991\" data-end=\"4994\" \/>Nat\u00fcrliche Inhaltsstoffe, hohe Qualit\u00e4t und gutes Preis-Leistungs-Verh\u00e4ltnis.<\/p>\r\n<p data-start=\"5075\" data-end=\"5131\"><strong data-start=\"5075\" data-end=\"5089\">Wo kaufen?<\/strong><br data-start=\"5089\" data-end=\"5092\" \/>Nur beim offiziellen Anbieter online.<\/p>\r\n<p data-start=\"5133\" data-end=\"5187\"><strong data-start=\"5133\" data-end=\"5146\">Lagerung:<\/strong><br data-start=\"5146\" data-end=\"5149\" \/>Vor Hitze und Feuchtigkeit sch\u00fctzen.<\/p>\r\n<ul>\r\n<li><a href=\"https:\/\/dr-thomas-weyrauch.de\/apotheke\/go\/Libidion\"><strong>\ud83d\udc49 RABATTE &#8211; 75 % + kostenloser Versand f\u00fcr Libidion\u2013 Begrenzte Zeit \u2013 JETZT KAUFEN! \ud83d\udc48<\/strong><\/a><\/li>\r\n<\/ul>\r\n<p data-start=\"4324\" data-end=\"4719\"><\/p>\r\n<p data-start=\"5628\" data-end=\"6177\"><\/p>\r\n\r\n<p data-start=\"3505\" data-end=\"3855\"><\/p>\r\n","protected":false},"excerpt":{"rendered":"","protected":false},"featured_media":118,"comment_status":"open","ping_status":"closed","template":"","meta":[],"product_brand":[],"product_cat":[19],"product_tag":[],"class_list":{"0":"post-117","1":"product","2":"type-product","3":"status-publish","4":"has-post-thumbnail","6":"product_cat-gesundheit","8":"first","9":"instock","10":"sale","11":"shipping-taxable","12":"product-type-external"},"_links":{"self":[{"href":"https:\/\/dr-thomas-weyrauch.de\/apotheke\/wp-json\/wp\/v2\/product\/117","targetHints":{"allow":["GET"]}}],"collection":[{"href":"https:\/\/dr-thomas-weyrauch.de\/apotheke\/wp-json\/wp\/v2\/product"}],"about":[{"href":"https:\/\/dr-thomas-weyrauch.de\/apotheke\/wp-json\/wp\/v2\/types\/product"}],"replies":[{"embeddable":true,"href":"https:\/\/dr-thomas-weyrauch.de\/apotheke\/wp-json\/wp\/v2\/comments?post=117"}],"wp:featuredmedia":[{"embeddable":true,"href":"https:\/\/dr-thomas-weyrauch.de\/apotheke\/wp-json\/wp\/v2\/media\/118"}],"wp:attachment":[{"href":"https:\/\/dr-thomas-weyrauch.de\/apotheke\/wp-json\/wp\/v2\/media?parent=117"}],"wp:term":[{"taxonomy":"product_brand","embeddable":true,"href":"https:\/\/dr-thomas-weyrauch.de\/apotheke\/wp-json\/wp\/v2\/product_brand?post=117"},{"taxonomy":"product_cat","embeddable":true,"href":"https:\/\/dr-thomas-weyrauch.de\/apotheke\/wp-json\/wp\/v2\/product_cat?post=117"},{"taxonomy":"product_tag","embeddable":true,"href":"https:\/\/dr-thomas-weyrauch.de\/apotheke\/wp-json\/wp\/v2\/product_tag?post=117"}],"curies":[{"name":"wp","href":"https:\/\/api.w.org\/{rel}","templated":true}]}}